e factors of 1982.
2, 991
What are the prime factors of 4809?
3, 7, 229
List the prime factors of 43186.
2, 11, 13, 151
List the prime factors of 3985.
5, 797
What are the prime factors of 97219?
191, 509
List the prime factors of 15917.
11, 1447
What are the prime factors of 2719?
2719
What are the prime factors of 11119?
11119
What are the prime factors of 135003?
3, 11, 4091
What are the prime factors of 2731?
2731
List the prime factors of 23843.
113, 211
What are the prime factors of 93870?
2, 3, 5, 7, 149
What are the prime factors of 2309?
2309
List the prime factors of 10031.
7, 1433
What are the prime factors of 2066?
2, 1033
List the prime factors of 13671.
3, 7, 31
List the prime factors of 1271.
31, 41
List the prime factors of 1062.
2, 3, 59
What are the prime factors of 10165?
5, 19, 107
List the prime factors of 358.
2, 179
What are the prime factors of 26722?
2, 31, 431
What are the prime factors of 1649?
17, 97
List the prime factors of 107697.
3, 35899
What are the prime factors of 62473?
62473
List the prime factors of 4050.
2, 3, 5
What are the prime factors of 7513?
11, 683
List the prime factors of 28803.
3, 9601
What are the prime factors of 10265?
5, 2053
What are the prime factors of 44461?
173, 257
List the prime factors of 98271.
3, 61, 179
What are the prime factors of 8252?
2, 2063
List the prime factors of 21308.
2, 7, 761
What are the prime factors of 2951?
13, 227
List the prime factors of 4908.
2, 3, 409
What are the prime factors of 8?
2
List the prime factors of 758.
2, 379
What are the prime factors of 1309?
7, 11, 17
What are the prime factors of 6661?
6661
What are the prime factors of 74?
2, 37
List the prime factors of 46474.
2, 19, 1223
List the prime factors of 6816.
2, 3, 71
List the prime factors of 22527.
3, 2503
List the prime factors of 83387.
61, 1367
What are the prime factors of 1806?
2, 3, 7, 43
List the prime factors of 2323.
23, 101
What are the prime factors of 3686?
2, 19, 97
What are the prime factors of 26?
2, 13
What are the prime factors of 18920?
2, 5, 11, 43
List the prime factors of 583.
11, 53
What are the prime factors of 3236?
2, 809
What are the prime factors of 8518?
2, 4259
What are the prime factors of 2335?
5, 467
List the prime factors of 9492.
2, 3, 7, 113
What are the prime factors of 5718?
2, 3, 953
What are the prime factors of 6087?
3, 2029
List the prime factors of 61180.
2, 5, 7, 19, 23
List the prime factors of 593.
593
List the prime factors of 80867.
193, 419
What are the prime factors of 7118?
2, 3559
List the prime factors of 87571.
11, 19, 419
What are the prime factors of 1102?
2, 19, 29
List the prime factors of 6052.
2, 17, 89
What are the prime factors of 2500?
2, 5
What are the prime factors of 153392?
2, 9587
What are the prime factors of 31780?
2, 5, 7, 227
List the prime factors of 32607.
3, 3623
List the prime factors of 32851.
7, 13, 19
List the prime factors of 6556.
2, 11, 149
What are the prime factors of 73011?
3, 24337
List the prime factors of 1000.
2, 5
List the prime factors of 6425.
5, 257
What are the prime factors of 45717?
3, 7, 311
List the prime factors of 1002.
2, 3, 167
List the prime factors of 89953.
23, 3911
What are the prime factors of 2075?
5, 83
List the prime factors of 3201.
3, 11, 97
List the prime factors of 646.
2, 17, 19
What are the prime factors of 5130?
2, 3, 5, 19
List the prime factors of 2331.
3, 7, 37
List the prime factors of 1315.
5, 263
List the prime factors of 7149.
3, 2383
List the prime factors of 114186.
2, 3, 19031
What are the prime factors of 1518?
2, 3, 11, 23
What are the prime factors of 1858?
2, 929
What are the prime factors of 144846?
2, 3, 13, 619
List the prime factors of 2219.
7, 317
List the prime factors of 454.
2, 227
List the prime factors of 80185.
5, 7, 29, 79
What are the prime factors of 1570?
2, 5, 157
List the prime factors of 332.
2, 83
List the prime factors of 17932.
2, 4483
What are the prime factors of 3185?
5, 7, 13
What are the prime factors of 56449?
19, 2971
List the prime factors of 14598.
2, 3, 811
What are the prime factors of 13?
13
What are the prime factors of 36527?
36527
What are the prime factors of 58135?
5, 7, 11, 151
List the prime factors of 1619.
1619
What are the prime factors of 32311?
79, 409
List the prime factors of 44899.
59, 761
List the prime factors of 105191.
37, 2843
What are the prime factors of 733?
733
List the prime factors of 9012.
2, 3, 751
What are the prime factors of 159?
3, 53
List the prime factors of 10846.
2, 11, 17, 29
List the prime factors of 4344.
2, 3, 181
List the prime factors of 9194.
2, 4597
What are the prime factors of 1581?
3, 17, 31
What are the prime factors of 747?
3, 83
What are the prime factors of 2127?
3, 709
List the prime factors of 979.
11, 89
What are the prime factors of 14133?
3, 7, 673
List the prime factors of 389.
389
What are the prime factors of 674?
2, 337
What are the prime factors of 424?
2, 53
List the prime factors of 8620.
2, 5, 431
List the prime factors of 2523.
3, 29
What are the prime factors of 15243?
3, 5081
List the prime factors of 4278.
2, 3, 23, 31
What are the prime factors of 14854?
2, 7, 1061
List the prime factors of 2232.
2, 3, 31
What are the prime factors of 84355?
5, 16871
List the prime factors of 7100.
2, 5, 71
What are the prime factors of 6858?
2, 3, 127
What are the prime factors of 1924?
2, 13, 37
What are the prime factors of 750?
2, 3, 5
What are the prime factors of 6268?
2, 1567
List the prime factors of 153856.
2, 601
List the prime factors of 21571.
11, 37, 53
What are the prime factors of 562?
2, 281
List the prime factors of 19027.
53, 359
What are the prime factors of 10631?
10631
What are the prime factors of 8149?
29, 281
What are the prime factors of 1810?
2, 5, 181
List the prime factors of 1593.
3, 59
What are the prime factors of 113530?
2, 5, 11353
What are the prime factors of 1136?
2, 71
What are the prime factors of 102948?
2, 3, 23, 373
List the prime factors of 975.
3, 5, 13
List the prime factors of 69118.
2, 7, 4937
What are the prime factors of 2705?
5, 541
List the prime factors of 13498.
2, 17, 397
List the prime factors of 983.
983
What are the prime factors of 23511?
3, 17, 461
What are the prime factors of 3269?
7, 467
List the prime factors of 9177.
3, 7, 19, 23
List the prime factors of 2175.
3, 5, 29
List the prime factors of 1156.
2, 17
List the prime factors of 40455.
3, 5, 29, 31
What are the prime factors of 5916?
2, 3, 17, 29
List the prime factors of 10776.
2, 3, 449
What are the prime factors of 18975?
3, 5, 11, 23
What are the prime factors of 935?
5, 11, 17
What are the prime factors of 260?
2, 5, 13
What are the prime factors of 381?
3, 127
List the prime factors of 26554.
2, 11, 17, 71
What are the prime factors of 579?
3, 193
What are the prime factors of 55073?
55073
What are the prime factors of 1249?
1249
List the prime factors of 4112.
2, 257
List the prime factors of 1372.
2, 7
What are the prime factors of 121364?
2, 30341
List the prime factors of 1980.
2, 3, 5, 11
List the prime factors of 10929.
3, 3643
List the prime factors of 32973.
3, 29, 379
What are the prime factors of 1764?
2, 3, 7
What are the prime factors of 1535?
5, 307
What are the prime factors of 533?
13, 41
What are the prime factors of 2380?
2, 5, 7, 17
What are the prime factors of 3947?
3947
List the prime factors of 1223.
1223
What are the prime factors of 265?
5, 53
What are the prime factors of 38707?
38707
List the prime factors of 28769.
13, 2213
What are the prime factors of 5325?
3, 5, 71
List the prime factors of 973.
7, 139
List the prime factors of 48592.
2, 3037
List the prime factors of 975.
3, 5, 13
What are the prime factors of 483?
3, 7, 23
What are the prime factors of 7497?
3, 7, 17
List the prime factors of 1846.
2, 13, 71
List the prime factors of 1296.
2, 3
List the prime factors of 74681.
17, 23, 191
List the prime factors of 1228.
2, 307
What are the prime factors of 1729?
7, 13, 19
List the prime factors of 22195.
5, 23, 193
What are the prime factors of 5970?
2, 3, 5, 199
What are the prime factors of 17669?
17669
What are the prime factors of 32857?
11, 29, 103
List the prime factors of 6350.
2, 5, 127
List the prime factors of 224